me factors of h.
757
Suppose -7*y + 0 = -0. Let b be (-1)/((-4)/(-32)) - y. List the prime factors of (-8)/b*(-216)/(-2).
2, 3
Suppose 4*n - 10 = 30. Suppose -2*x = -4*x + n. Suppose -x*t + 68 = -262. List the prime factors of t.
2, 3, 11
Let v(r) = 5247*r - 8012. List the prime factors of v(11).
5, 9941
Suppose -3*x = -4*a - 42, -x = 3*x - a - 69. Suppose x*s - 20*s - 256 = 0. Let w = -31 - s. What are the prime factors of w?
97
Let d(t) = 15*t**3 + 22*t**2 - 25*t - 18. List the prime factors of d(6).
2, 3, 7, 23
Let l(n) = 340*n**2 - 572*n - 3952. What are the prime factors of l(-7)?
2, 2089
Let z = -45340 + 65669. What are the prime factors of z?
29, 701
Suppose 2*j - 3*q = 64, -5*q = -7*q. Suppose -j*o = -15*o - 7004. List the prime factors of o.
2, 103
Let k be (14/49)/((-18)/21 + 1). Suppose 5*f - 47 = -k*s, -2*f - 1 = 2*s - 15. Let h(c) = -c**2 + 33*c + 6. What are the prime factors of h(f)?
2, 31
Suppose -24 - 24 = -4*r. Suppose 8*b - r*b - 4 = 0. List the prime factors of 2/(b + -1)*(-243 + 1).
2, 11
Suppose -4*q + 117912 = 3*n - 74237, 3*n = 21. List the prime factors of q.
2, 19, 79
What are the prime factors of ((-532)/399)/((-4)/12363)?
13, 317
Suppose 221663 - 11550 = 65*i - 174622. List the prime factors of i.
3, 1973
Suppose -3*b - 15*s + 14*s + 26457 = 0, 0 = -5*b - s + 44097. List the prime factors of b.
2, 3, 5, 7
Suppose 4*l + 4*a = 60184, -43102 = -4*l + a + 17097. What are the prime factors of l?
101, 149
Let y = -19800 + 37190. List the prime factors of y.
2, 5, 37, 47
Suppose -n - 91*i + 15702 = -88*i, 4*n + 4*i - 62752 = 0. What are the prime factors of n?
3, 5227
Let w(t) be the first derivative of -217*t**2/2 + t + 2. List the prime factors of w(-5).
2, 3, 181
Let z(r) = -r**2 + 9*r - 14. Let g be z(5). Suppose -g*o = -o - 5*a + 60, -5*o - 5*a = 30. Let i(b) = 2*b**2 + 7*b - 4. List the prime factors of i(o).
5, 19
Let o = 1220 + -71. List the prime factors of o.
3, 383
Let n be (2/(-4))/((-2)/(-1108)). Suppose -h - s = 130, -4*h - 526 = -6*s + 4*s. Let w = h - n. List the prime factors of w.
2, 73
Let v(m) = 1793*m**2 - 5*m + 2. Suppose -g = -2*p - 11, 5*g - 8*p = -6*p + 15. What are the prime factors of v(g)?
2, 5, 179
Suppose -2*a - p = -5, -2*p = -2*a - 0*a - 10. Suppose -7*n + 19*n - 9240 = a. List the prime factors of n.
2, 5, 7, 11
List the prime factors of (1 - 135/75)/((-3)/41100).
2, 5, 137
Suppose -2*v + 30128 + 7816 = 5*l, -2*l + 15216 = -4*v. List the prime factors of l.
2, 13, 73
Let u(w) = 126*w**2 + 251*w + 2164. List the prime factors of u(-9).
10111
Suppose -2*f = -6, 5*o = -5*f + 16 + 14. Let m(c) = -33*c + 8. Let s(k) = -100*k + 25. Let j(n) = -7*m(n) + 2*s(n). What are the prime factors of j(o)?
3, 29
Let r be (-1)/(-2)*(-50 - -10238). Suppose -16*l = -r - 746. List the prime factors of l.
5, 73
Suppose -5*x + 4*u = 2*u - 20, -5*x = -4*u - 20. Suppose -x*v - 71 = 105. Let b = v + 146. What are the prime factors of b?
2, 3, 17
Suppose 3 = -3*d, -h + 10 = 2*h + 5*d. Suppose -3*w + 84 = 4*a - 0*a, -w - 105 = -h*a. What are the prime factors of (1 - 62)/((-7)/a)?
3, 61
Suppose -2*h = 26*x - 23*x - 1233, 2*x - 4*h - 838 = 0. Suppose -25*z + x = -27337. List the prime factors of z.
2, 3, 5, 37
Suppose -36*a = -26*a - 99415 - 87625. What are the prime factors of a?
2, 7, 167
Let j be 468/16 + 2/(-8). Let o = j + -44. Let c = 3 - o. List the prime factors of c.
2, 3
Let v(c) = -2*c**2 + 6*c. Let q(j) = -3*j**2 + 7*j - 1. Let d(b) = -3*q(b) + 4*v(b). Let f be d(-2). List the prime factors of ((-32)/(-1))/((-2)/(-2)) + f.
3, 11
Suppose -22 = -9*l + 23. Suppose -l*z = r - 906, -4*r + 5004 - 1425 = 5*z. What are the prime factors of r?
3, 11
Suppose -4*c = -s - s - 18, -2*s - 14 = -2*c. Suppose -1846 = -4*m + c*f - 5*f, -5*m - 4*f + 2307 = 0. Let q = m - 272. List the prime factors of q.
191
Suppose 25 = c + 4*c. Suppose 6951 = 12*d - c*d. What are the prime factors of d?
3, 331
Let o = -17514 + 38464. List the prime factors of o.
2, 5, 419
Let a = -4 + 10. List the prime factors of ((-2)/a)/(3/(-414)).
2, 23
Let v = -164 - -167. Suppose -23 + 227 = v*d. What are the prime factors of d?
2, 17
Let m = 68732 - 16144. List the prime factors of m.
2, 13147
Let r = -27 + 27. Let j be (r - 1 - -240)/((-3)/(-6)). Let m = j + -302. List the prime factors of m.
2, 11
Let d be 2*(435/10 + 3). Let q = -65 + d. What are the prime factors of q/(-6)*1152/(-28)?
2, 3
Let t = -664 + 1809. Let q = -730 + t. List the prime factors of q.
5, 83
What are the prime factors of (5*326)/((-8)/(-32))?
2, 5, 163
Let n = -42842 + 47197. What are the prime factors of n?
5, 13, 67
Suppose 0 = -4*i - 157 + 177, -4*u = -i - 23899. What are the prime factors of u?
2, 3, 83
Let m(n) = -19*n - 16. Suppose 0 = -3*w - i, 0*i + 3*i = 0. Suppose 3*x + 12 + 12 = w. What are the prime factors of m(x)?
2, 17
Let g be 1246/(-6) + (-22)/66. What are the prime factors of ((-30)/9)/(g/102 + 2)?
5, 17
Let a(m) = 2*m**2 - 149*m + 2575. What are the prime factors of a(78)?
3121
Let m = -514 + 518. What are the prime factors of m/((-84)/(-16659)) + (-12)/42?
13, 61
Let f(i) = -i**3 + 6*i**2 + 4. Let j be f(6). Suppose j*c + 2*c = 30. Suppose d + y - 6*y - 85 = 0, -570 = -c*d - 4*y. What are the prime factors of d?
2, 5, 11
Let d(a) = 4*a**3 + a**2 + 0*a**3 - 7*a - 3*a**3 + 0*a. Let b be d(-3). What are the prime factors of ((-3)/b - 0)*-59?
59
Suppose 43*m + 1303721 + 637342 = 166*m. List the prime factors of m.
43, 367
Let t(c) = -276*c + 7. Suppose -24*f = -28*f - 4. Let m be t(f). Suppose 2*x = 4*x - 5*g - m, 4*g = 4*x - 560. What are the prime factors of x?
139
Suppose 53*k = -12*k + 26*k + 46293. List the prime factors of k.
1187
Let r be 21*(81/(-21) + -3). List the prime factors of ((-321)/12)/(6/r).
2, 3, 107
Suppose 4*a - 14 = -2*b, 5*b = -7*a + 3*a + 29. Suppose 0*h - a = -h. What are the prime factors of (-1 + 4)*h - 90/(-1)?
3, 31
Suppose -3*q = 2*v + 3358 - 45068, -3*v = -4*q + 55619. List the prime factors of q.
2, 11, 79
Let c(i) = i**3 - 10*i**2 - 10*i - 9. Suppose -38 = -4*k + 6. Let f be c(k). Suppose -f*s - 2 = 4, v - 30 = -2*s. What are the prime factors of v?
2, 3
Let t be 19/(-2) + 9 + 2/4. Suppose -5*b = -t*a - 4*a + 1029, 5*a - 2*b = 1282. List the prime factors of a.
2
Suppose -15*r - 9*r + 96 = 0. Suppose r*v + 2*v - 4590 = 0. What are the prime factors of v?
3, 5, 17
Let g = 3631 - 1961. What are the prime factors of g?
2, 5, 167
Let l(h) = -2*h**2 - 239*h - 302. What are the prime factors of l(-90)?
2, 313
Let c be 69/15*-1 - (-2)/(-5). Let s be (6/(-15))/(1/c). Suppose s*n = 92 - 18. What are the prime factors of n?
37
Let p = -50309 - -70575. List the prime factors of p.
2, 10133
Let p(j) = -j**2 - 36*j + 76. Let y be p(2). Suppose y = 6*d + 12*d - 29754. What are the prime factors of d?
3, 19, 29
Let z(r) be the third derivative of r**6/120 + 5*r**4/24 - 13*r**3/6 - 47*r**2. Let q be z(6). Let d = 520 - q. List the prime factors of d.
7, 41
Suppose 2*l - l - y - 9 = 0, 21 = 2*l - 3*y. Let q(p) = -13*p + 332. Let d be q(25). Suppose d*a = l*a + 15. List the prime factors of a.
3, 5
Let p(w) be the first derivative of 5*w**3/3 - 3*w**2 + 30*w - 37. What are the prime factors of p(7)?
233
Let h(j) be the third derivative of -j**6/120 + 2*j**5/15 + 13*j**4/24 + 5*j**3/3 - 2*j**2 - 13*j. List the prime factors of h(-6).
2, 109
Suppose 0 = -d - 119*r + 121*r + 8489, 2*d + 3*r - 16999 = 0. Suppose -5*x - 2*m + d = 0, -2*x + 2430 = -3*m - 987. List the prime factors of x.
3, 7
Suppose m - 6 = -2*k - 0, -2*m - 4 = -4*k. Suppose -371 = -9*v + m*v. Let b = v - 8. What are the prime factors of b?
3, 5
Let p = -429 + 423. Let g(t) = 21*t**2 - 14*t - 21. List the prime factors of g(p).
3, 7, 13
Let i(h) = -h**3 - 4*h - 15 + 10*h + 0 + 14*h**2. Let l be 2*2/4*(1 + 13). List the prime factors of i(l).
3, 23
List the prime factors of (-41736)/(-60)*(-10)/(-4)*25.
5, 37, 47
Let v(z) = -5*z**3 - 14*z**2 - 24*z + 29. Let j(x) = 8*x**3 + 28*x**2 + 48*x - 58. Let a(p) = 3*j(p) + 5*v(p). What are the prime factors of a(15)?
2, 53
Let y(r) = -r**3 + 10*r**2 + 8*r + 11960. List the prime factors of y(0).
2, 5, 13, 23
Let x = -2967 + 4170. What are the prime factors of x?
3, 401
Suppose 30*d = 31*d. Suppose d = -2*k + k - 12. What are the prime fa